{"id":305,"date":"2021-10-29T12:42:01","date_gmt":"2021-10-29T10:42:01","guid":{"rendered":"http:\/\/konstila.skargardsreklam.fi\/?page_id=305"},"modified":"2023-01-31T16:18:15","modified_gmt":"2023-01-31T15:18:15","slug":"yhteys","status":"publish","type":"page","link":"https:\/\/konstila.fi\/fi\/yhteys\/","title":{"rendered":"Yhteys"},"content":{"rendered":"\n<div class=\"wp-block-columns is-layout-flex wp-container-core-columns-is-layout-9d6595d7 wp-block-columns-is-layout-flex\">\n<div class=\"wp-block-column is-layout-flow wp-block-column-is-layout-flow\">\n<div class=\"wp-block-media-text alignwide is-stacked-on-mobile\" style=\"grid-template-columns:32% auto\"><figure class=\"wp-block-media-text__media\"><img loading=\"lazy\" decoding=\"async\" width=\"1024\" height=\"1024\" src=\"http:\/\/konstila.skargardsreklam.fi\/wp-content\/uploads\/2022\/01\/AUF-Personalbild-2021-Stella-scaled-e1642749700721-1024x1024.jpg\" alt=\"\" class=\"wp-image-144 size-full\" srcset=\"https:\/\/konstila.fi\/wp-content\/uploads\/2022\/01\/AUF-Personalbild-2021-Stella-scaled-e1642749700721-1024x1024.jpg 1024w, https:\/\/konstila.fi\/wp-content\/uploads\/2022\/01\/AUF-Personalbild-2021-Stella-scaled-e1642749700721-512x512.jpg 512w, https:\/\/konstila.fi\/wp-content\/uploads\/2022\/01\/AUF-Personalbild-2021-Stella-scaled-e1642749700721-256x256.jpg 256w, https:\/\/konstila.fi\/wp-content\/uploads\/2022\/01\/AUF-Personalbild-2021-Stella-scaled-e1642749700721-768x768.jpg 768w, https:\/\/konstila.fi\/wp-content\/uploads\/2022\/01\/AUF-Personalbild-2021-Stella-scaled-e1642749700721.jpg 1034w\" sizes=\"auto, (max-width: 1024px) 100vw, 1024px\" \/><\/figure><div class=\"wp-block-media-text__content\">\n<h2 class=\"wp-block-heading\">Vastaava kuvataideopettaja<\/h2>\n\n\n\n<p class=\"has-normal-font-size\"><strong>Stella Tiisala<\/strong><\/p>\n\n\n\n<p class=\"has-normal-font-size\">stella@auf.fi<br>050 551 6500<\/p>\n<\/div><\/div>\n\n\n\n<div class=\"wp-block-media-text alignwide is-stacked-on-mobile\" style=\"grid-template-columns:32% auto\"><figure class=\"wp-block-media-text__media\"><img loading=\"lazy\" decoding=\"async\" width=\"481\" height=\"601\" src=\"https:\/\/konstila.fi\/wp-content\/uploads\/2023\/01\/Bild-Sonja-Dragon-Foto-Skargards-Reklam-1.jpg\" alt=\"\" class=\"wp-image-468 size-full\" srcset=\"https:\/\/konstila.fi\/wp-content\/uploads\/2023\/01\/Bild-Sonja-Dragon-Foto-Skargards-Reklam-1.jpg 481w, https:\/\/konstila.fi\/wp-content\/uploads\/2023\/01\/Bild-Sonja-Dragon-Foto-Skargards-Reklam-1-410x512.jpg 410w\" sizes=\"auto, (max-width: 481px) 100vw, 481px\" \/><\/figure><div class=\"wp-block-media-text__content\">\n<h2 class=\"wp-block-heading\">Kuvataideopettaja<\/h2>\n\n\n\n<p class=\"has-normal-font-size\"><strong>Sonja Dragon<\/strong><\/p>\n\n\n\n<p class=\"has-normal-font-size\">sonja@auf.fi <br>040 728 99 27<\/p>\n<\/div><\/div>\n<\/div>\n\n\n\n<div class=\"wp-block-column is-layout-flow wp-block-column-is-layout-flow\">\n<div class=\"wp-block-media-text alignwide is-stacked-on-mobile\" style=\"grid-template-columns:30% auto\"><figure class=\"wp-block-media-text__media\"><img loading=\"lazy\" decoding=\"async\" width=\"1024\" height=\"1024\" src=\"http:\/\/konstila.skargardsreklam.fi\/wp-content\/uploads\/2022\/01\/AUF-Personalbild-2021-Tove-scaled-e1642749991738-1024x1024.jpg\" alt=\"\" class=\"wp-image-146 size-full\" srcset=\"https:\/\/konstila.fi\/wp-content\/uploads\/2022\/01\/AUF-Personalbild-2021-Tove-scaled-e1642749991738-1024x1024.jpg 1024w, https:\/\/konstila.fi\/wp-content\/uploads\/2022\/01\/AUF-Personalbild-2021-Tove-scaled-e1642749991738-512x512.jpg 512w, https:\/\/konstila.fi\/wp-content\/uploads\/2022\/01\/AUF-Personalbild-2021-Tove-scaled-e1642749991738-256x256.jpg 256w, https:\/\/konstila.fi\/wp-content\/uploads\/2022\/01\/AUF-Personalbild-2021-Tove-scaled-e1642749991738-768x768.jpg 768w, https:\/\/konstila.fi\/wp-content\/uploads\/2022\/01\/AUF-Personalbild-2021-Tove-scaled-e1642749991738.jpg 1157w\" sizes=\"auto, (max-width: 1024px) 100vw, 1024px\" \/><\/figure><div class=\"wp-block-media-text__content\">\n<h2 class=\"wp-block-heading\">Toiminnanjohtaja<\/h2>\n\n\n\n<p class=\"has-normal-font-size\"><strong>Tove Salovaara<\/strong><\/p>\n\n\n\n<p class=\"has-normal-font-size\">tove.salovaara@auf.fi<br>045-8957353<\/p>\n<\/div><\/div>\n\n\n\n<div class=\"wp-block-media-text alignwide is-stacked-on-mobile\" style=\"grid-template-columns:30% auto\"><figure class=\"wp-block-media-text__media\"><img loading=\"lazy\" decoding=\"async\" width=\"1024\" height=\"1024\" src=\"http:\/\/konstila.skargardsreklam.fi\/wp-content\/uploads\/2022\/01\/AUF-Personalbild-2021-Nelli-scaled-e1642750046672-1024x1024.jpg\" alt=\"\" class=\"wp-image-147 size-full\" srcset=\"https:\/\/konstila.fi\/wp-content\/uploads\/2022\/01\/AUF-Personalbild-2021-Nelli-scaled-e1642750046672-1024x1024.jpg 1024w, https:\/\/konstila.fi\/wp-content\/uploads\/2022\/01\/AUF-Personalbild-2021-Nelli-scaled-e1642750046672-512x512.jpg 512w, https:\/\/konstila.fi\/wp-content\/uploads\/2022\/01\/AUF-Personalbild-2021-Nelli-scaled-e1642750046672-256x256.jpg 256w, https:\/\/konstila.fi\/wp-content\/uploads\/2022\/01\/AUF-Personalbild-2021-Nelli-scaled-e1642750046672-768x768.jpg 768w, https:\/\/konstila.fi\/wp-content\/uploads\/2022\/01\/AUF-Personalbild-2021-Nelli-scaled-e1642750046672.jpg 1111w\" sizes=\"auto, (max-width: 1024px) 100vw, 1024px\" \/><\/figure><div class=\"wp-block-media-text__content\">\n<h2 class=\"wp-block-heading\">Koordinaattori, laskutus<\/h2>\n\n\n\n<p class=\"has-normal-font-size\"><strong>Nelli Salonen<\/strong><\/p>\n\n\n\n<p class=\"has-normal-font-size\">nelli@auf.fi<br>044-2379760<\/p>\n<\/div><\/div>\n<\/div>\n<\/div>\n\n\n\n<p class=\"has-text-align-center\">Koska opettajamme ty\u00f6skentelev\u00e4t iltaisin saa heihin yhteytt\u00e4 parhaiten klo 12-14 v\u00e4lill\u00e4. HUOM! Kysymyksiin liittyen oppilaspaikkoihin vastaa vastaava kuvataideopettaja Stella Tiisalaan. <\/p>\n\n\n\n<p class=\"has-text-align-center\"><em><strong><a href=\"https:\/\/www.facebook.com\/abskonstila\">Facebook<\/a>&nbsp;&amp;&nbsp;<a href=\"https:\/\/www.instagram.com\/konstila\/?hl=en\">Instagram<\/a>: @konstila<\/strong><\/em><\/p>\n","protected":false},"excerpt":{"rendered":"<p>Vastaava kuvataideopettaja Stella Tiisala stella@auf.fi050 551 6500 Kuvataideopettaja Sonja Dragon sonja@auf.fi 040 728 99 27 Toiminnanjohtaja Tove Salovaara tove.salovaara@auf.fi045-8957353 Koordinaattori, laskutus Nelli Salonen nelli@auf.fi044-2379760 Koska opettajamme ty\u00f6skentelev\u00e4t iltaisin saa heihin yhteytt\u00e4 parhaiten klo 12-14 v\u00e4lill\u00e4. HUOM! Kysymyksiin liittyen oppilaspaikkoihin vastaa vastaava kuvataideopettaja Stella Tiisalaan. Facebook&nbsp;&amp;&nbsp;Instagram: @konstila<\/p>\n","protected":false},"author":1,"featured_media":239,"parent":0,"menu_order":0,"comment_status":"closed","ping_status":"closed","template":"","meta":{"footnotes":""},"class_list":["post-305","page","type-page","status-publish","has-post-thumbnail","hentry","entry"],"acf":[],"_links":{"self":[{"href":"https:\/\/konstila.fi\/fi\/wp-json\/wp\/v2\/pages\/305","targetHints":{"allow":["GET"]}}],"collection":[{"href":"https:\/\/konstila.fi\/fi\/wp-json\/wp\/v2\/pages"}],"about":[{"href":"https:\/\/konstila.fi\/fi\/wp-json\/wp\/v2\/types\/page"}],"author":[{"embeddable":true,"href":"https:\/\/konstila.fi\/fi\/wp-json\/wp\/v2\/users\/1"}],"replies":[{"embeddable":true,"href":"https:\/\/konstila.fi\/fi\/wp-json\/wp\/v2\/comments?post=305"}],"version-history":[{"count":5,"href":"https:\/\/konstila.fi\/fi\/wp-json\/wp\/v2\/pages\/305\/revisions"}],"predecessor-version":[{"id":479,"href":"https:\/\/konstila.fi\/fi\/wp-json\/wp\/v2\/pages\/305\/revisions\/479"}],"wp:featuredmedia":[{"embeddable":true,"href":"https:\/\/konstila.fi\/fi\/wp-json\/wp\/v2\/media\/239"}],"wp:attachment":[{"href":"https:\/\/konstila.fi\/fi\/wp-json\/wp\/v2\/media?parent=305"}],"curies":[{"name":"wp","href":"https:\/\/api.w.org\/{rel}","templated":true}]}}

<div class="wp-block-columns is-layout-flex wp-container-core-columns-is-layout-9d6595d7 wp-block-columns-is-layout-flex">
<div class="wp-block-column is-layout-flow wp-block-column-is-layout-flow">
<div class="wp-block-media-text alignwide is-stacked-on-mobile" style="grid-template-columns:32% auto"><figure class="wp-block-media-text__media"><img loading="lazy" decoding="async" width="1024" height="1024" src="http://konstila.skargardsreklam.fi/wp-content/uploads/2022/01/AUF-Personalbild-2021-Stella-scaled-e1642749700721-1024x1024.jpg" alt="" class="wp-image-144 size-full" srcset="https://konstila.fi/wp-content/uploads/2022/01/AUF-Personalbild-2021-Stella-scaled-e1642749700721-1024x1024.jpg 1024w, https://konstila.fi/wp-content/uploads/2022/01/AUF-Personalbild-2021-Stella-scaled-e1642749700721-512x512.jpg 512w, https://konstila.fi/wp-content/uploads/2022/01/AUF-Personalbild-2021-Stella-scaled-e1642749700721-256x256.jpg 256w, https://konstila.fi/wp-content/uploads/2022/01/AUF-Personalbild-2021-Stella-scaled-e1642749700721-768x768.jpg 768w, https://konstila.fi/wp-content/uploads/2022/01/AUF-Personalbild-2021-Stella-scaled-e1642749700721.jpg 1034w" sizes="auto, (max-width: 1024px) 100vw, 1024px" /></figure><div class="wp-block-media-text__content">
<h2 class="wp-block-heading">Vastaava kuvataideopettaja</h2>



<p class="has-normal-font-size"><strong>Stella Tiisala</strong></p>



<p class="has-normal-font-size">stella@auf.fi<br>050 551 6500</p>
</div></div>



<div class="wp-block-media-text alignwide is-stacked-on-mobile" style="grid-template-columns:32% auto"><figure class="wp-block-media-text__media"><img loading="lazy" decoding="async" width="481" height="601" src="https://konstila.fi/wp-content/uploads/2023/01/Bild-Sonja-Dragon-Foto-Skargards-Reklam-1.jpg" alt="" class="wp-image-468 size-full" srcset="https://konstila.fi/wp-content/uploads/2023/01/Bild-Sonja-Dragon-Foto-Skargards-Reklam-1.jpg 481w, https://konstila.fi/wp-content/uploads/2023/01/Bild-Sonja-Dragon-Foto-Skargards-Reklam-1-410x512.jpg 410w" sizes="auto, (max-width: 481px) 100vw, 481px" /></figure><div class="wp-block-media-text__content">
<h2 class="wp-block-heading">Kuvataideopettaja</h2>



<p class="has-normal-font-size"><strong>Sonja Dragon</strong></p>



<p class="has-normal-font-size">sonja@auf.fi <br>040 728 99 27</p>
</div></div>
</div>



<div class="wp-block-column is-layout-flow wp-block-column-is-layout-flow">
<div class="wp-block-media-text alignwide is-stacked-on-mobile" style="grid-template-columns:30% auto"><figure class="wp-block-media-text__media"><img loading="lazy" decoding="async" width="1024" height="1024" src="http://konstila.skargardsreklam.fi/wp-content/uploads/2022/01/AUF-Personalbild-2021-Tove-scaled-e1642749991738-1024x1024.jpg" alt="" class="wp-image-146 size-full" srcset="https://konstila.fi/wp-content/uploads/2022/01/AUF-Personalbild-2021-Tove-scaled-e1642749991738-1024x1024.jpg 1024w, https://konstila.fi/wp-content/uploads/2022/01/AUF-Personalbild-2021-Tove-scaled-e1642749991738-512x512.jpg 512w, https://konstila.fi/wp-content/uploads/2022/01/AUF-Personalbild-2021-Tove-scaled-e1642749991738-256x256.jpg 256w, https://konstila.fi/wp-content/uploads/2022/01/AUF-Personalbild-2021-Tove-scaled-e1642749991738-768x768.jpg 768w, https://konstila.fi/wp-content/uploads/2022/01/AUF-Personalbild-2021-Tove-scaled-e1642749991738.jpg 1157w" sizes="auto, (max-width: 1024px) 100vw, 1024px" /></figure><div class="wp-block-media-text__content">
<h2 class="wp-block-heading">Toiminnanjohtaja</h2>



<p class="has-normal-font-size"><strong>Tove Salovaara</strong></p>



<p class="has-normal-font-size">tove.salovaara@auf.fi<br>045-8957353</p>
</div></div>



<div class="wp-block-media-text alignwide is-stacked-on-mobile" style="grid-template-columns:30% auto"><figure class="wp-block-media-text__media"><img loading="lazy" decoding="async" width="1024" height="1024" src="http://konstila.skargardsreklam.fi/wp-content/uploads/2022/01/AUF-Personalbild-2021-Nelli-scaled-e1642750046672-1024x1024.jpg" alt="" class="wp-image-147 size-full" srcset="https://konstila.fi/wp-content/uploads/2022/01/AUF-Personalbild-2021-Nelli-scaled-e1642750046672-1024x1024.jpg 1024w, https://konstila.fi/wp-content/uploads/2022/01/AUF-Personalbild-2021-Nelli-scaled-e1642750046672-512x512.jpg 512w, https://konstila.fi/wp-content/uploads/2022/01/AUF-Personalbild-2021-Nelli-scaled-e1642750046672-256x256.jpg 256w, https://konstila.fi/wp-content/uploads/2022/01/AUF-Personalbild-2021-Nelli-scaled-e1642750046672-768x768.jpg 768w, https://konstila.fi/wp-content/uploads/2022/01/AUF-Personalbild-2021-Nelli-scaled-e1642750046672.jpg 1111w" sizes="auto, (max-width: 1024px) 100vw, 1024px" /></figure><div class="wp-block-media-text__content">
<h2 class="wp-block-heading">Koordinaattori, laskutus</h2>



<p class="has-normal-font-size"><strong>Nelli Salonen</strong></p>



<p class="has-normal-font-size">nelli@auf.fi<br>044-2379760</p>
</div></div>
</div>
</div>



<p class="has-text-align-center">Koska opettajamme työskentelevät iltaisin saa heihin yhteyttä parhaiten klo 12-14 välillä. HUOM! Kysymyksiin liittyen oppilaspaikkoihin vastaa vastaava kuvataideopettaja Stella Tiisalaan. </p>



<p class="has-text-align-center"><em><strong><a href="https://www.facebook.com/abskonstila">Facebook</a>&nbsp;&amp;&nbsp;<a href="https://www.instagram.com/konstila/?hl=en">Instagram</a>: @konstila</strong></em></p>

<p>Vastaava kuvataideopettaja Stella Tiisala stella@auf.fi050 551 6500 Kuvataideopettaja Sonja Dragon sonja@auf.fi 040 728 99 27 Toiminnanjohtaja Tove Salovaara tove.salovaara@auf.fi045-8957353 Koordinaattori, laskutus Nelli Salonen nelli@auf.fi044-2379760 Koska opettajamme työskentelevät iltaisin saa heihin yhteyttä parhaiten klo 12-14 välillä. HUOM! Kysymyksiin liittyen oppilaspaikkoihin vastaa vastaava kuvataideopettaja Stella Tiisalaan. Facebook&nbsp;&amp;&nbsp;Instagram: @konstila</p>
